
Let t(o) = o**2 - 5*o + 6. Let a(b) = 3*b**2 - 9*b + 13. Let g(j) = 2*a(j) - 5*t(j). Suppose x - 10 = -5*l, 6*x + l = x - 46. What is the tens digit of g(x)?
2
Let s(w) = 45*w + 43. What is the hundreds digit of s(5)?
2
Suppose 3*a = 5*v - 8784, -10*a + 5*a + 5250 = 3*v. What is the units digit of v?
5
Let v = -1515 + 3121. What is the tens digit of v?
0
Let g be (-40)/(-24) + (-14)/(-6). Suppose -g*o + o - 1318 = -5*v, 4*v - 1049 = -3*o. What is the units digit of v?
3
Let f(j) = 3*j**2 + 31*j - 1. What is the tens digit of f(-22)?
6
Let h(l) = 26*l**2 - 7*l. Let k be h(-3). Let w = k - 158. What is the tens digit of w?
9
Suppose 0 = 16*f - 19038 - 13298. What is the thousands digit of f?
2
What is the units digit of 1746 + (-11)/22*6?
3
Let f = -1618 - -2062. What is the tens digit of f?
4
What is the tens digit of (1/(-4)*2)/((-2)/7396)?
4
Suppose -o - 966 = -15*o. What is the units digit of o?
9
Suppose -5*l - 4*a + 12772 = 0, 2*l - 15*a - 5106 = -18*a. What is the thousands digit of l?
2
Suppose -2298 = -2*n - 2*w, 2*w - 6*w + 2302 = 2*n. What is the thousands digit of n?
1
Suppose -r - 4*r + 2*m + 20 = 0, m = r - 4. Let z = -4 + r. Suppose -o + 67 + 9 = z. What is the tens digit of o?
7
Suppose 896 = 16*c - 6080. What is the tens digit of c?
3
Let v(d) = 6*d**2 + 24*d + 156. What is the units digit of v(-20)?
6
What is the tens digit of 7*(5 - 4) - -4451?
5
Suppose 8*s + 3685 = 13*s. What is the units digit of s?
7
Let h be (-1*1/3)/((-6)/612). What is the units digit of 15888/204 - (64/h + -2)?
8
Suppose -3*g - 5999 = -4*k, -2076 = -2*k + 5*g + 927. What is the tens digit of k?
9
Suppose -f = -5*n + 897, -354 = -0*n - 2*n - 2*f. What is the tens digit of n?
7
Suppose 20*a - 8168 = 2172. What is the hundreds digit of a?
5
Let b(d) = -d**3 - 7*d**2 - 7*d - 2. Let f be b(-6). Let l be (2 + 2 - 4)/2. Suppose 2*j + z = 3, 4 = f*z - l. What is the units digit of j?
1
Let w = 26 - 43. What is the units digit of (-743)/(-8) + w/(-136)?
3
What is the tens digit of 1 + 23252/10 - (-19)/(-95)?
2
Suppose 430*i + 10311 = 437*i. What is the units digit of i?
3
Suppose 5*g - 9*g - 140 = 0. Let m = g - -55. What is the tens digit of m?
2
Let y = 4926 + -3347. What is the hundreds digit of y?
5
Let u(f) = -f**3 + 33*f**2 - 8*f + 9. What is the hundreds digit of u(14)?
6
Let z(x) = 6*x**2 - 14*x + 44. What is the tens digit of z(-13)?
4
Let t(x) = -x**2 - 4*x + 4. Let l be t(2). Let k = -5 - l. What is the units digit of k?
3
Suppose 5*q + 114 - 624 = -5*l, -2*q + 304 = 3*l. What is the units digit of l?
0
What is the thousands digit of (636/265)/(-1 - 3574/(-3570))?
2
Suppose -4*x = -0*x + 12, -50 = 4*y - 2*x. Suppose 9*p - 4*u + 64 = 5*p, 5*u - 38 = 2*p. What is the units digit of (-4)/p + (-500)/y?
6
What is the units digit of 3 + 6 + 517 - -5?
1
Let y(v) be the second derivative of -v**5/20 + 11*v**4/12 - 4*v**3/3 + 3*v**2/2 - 20*v. What is the units digit of y(9)?
3
Let d = 412 + 418. What is the tens digit of d?
3
Suppose 0 = -0*a - 2*a + 44. Suppose 89 = -m - 76. What is the units digit of (-30)/m + 854/a?
9
Let i = 4929 + -2358. What is the thousands digit of i?
2
Suppose 3*a = -4*a - 329. Let h = a - -169. What is the tens digit of h?
2
Suppose -383 = -6*z + 301. Let w = z - 60. What is the units digit of w?
4
Suppose 4*s - 56*y - 1928 = -61*y, 2*s + 4*y - 970 = 0. What is the tens digit of s?
7
Let y = -35 - -50. Suppose y = 2*s - 15. What is the tens digit of s?
1
Let k(c) be the first derivative of -49*c**2/2 + 2*c + 2. Let p = -15 - -14. What is the units digit of k(p)?
1
Let k be 1*(249 - -2) + -3. Let o = 351 - k. What is the hundreds digit of o?
1
What is the units digit of 4/16 + 5319/4?
0
Let p = -18 + 15. Let h be p/(-2)*(-24)/1. What is the units digit of -4 - (1 - 2) - h?
3
Suppose -6*f + 1451 = -2*f - 3*b, 1445 = 4*f + 3*b. Suppose n - d = 193, -f = 2*n - 4*n - 4*d. What is the units digit of n?
9
What is the thousands digit of (1 - 2637)/((-16)/8)?
1
What is the hundreds digit of 1772 - 2/10*10?
7
Suppose -3*x + 893 + 186 = 5*u, 0 = -4*u + 16. What is the units digit of x?
3
Let j(o) be the first derivative of 2*o**3/3 + 3*o**2/2 + 16. Suppose 2*u + 8 = 5*l - 15, 0 = -4*l - 5*u - 8. What is the tens digit of j(l)?
2
Suppose 2*o - 3*j - 1077 = 0, 3*o = 2*o + 4*j + 546. What is the tens digit of o?
3
Suppose 0 = 4*p - 3*p. Suppose p = -0*d - 2*d + 116. What is the units digit of d?
8
Let w(k) = -19*k**3 + 3*k**2 - 3*k - 13. What is the units digit of w(-2)?
7
Let m = 17 - 12. Suppose 9 = -m*y + 24. What is the units digit of y?
3
Suppose 0 = -i + f + 5, 5*i - 6 = 2*f + 13. Let a(o) = -i - o + 0 - 4 + 8. What is the units digit of a(-2)?
3
Let x = 22 - -145. Suppose -2*v - 31 = 2*y + x, -396 = 4*y - 2*v. What is the tens digit of (-1028)/(-18) + 11/y?
5
Let l(d) = 252*d + 5. Let c = -118 + 119. What is the hundreds digit of l(c)?
2
Let g = 290 + 1592. What is the hundreds digit of g?
8
Let s(b) = -b**2 + 2*b - 5. Let q be s(6). Let c = 8 - q. What is the tens digit of c?
3
What is the hundreds digit of (530/40)/(3/24)?
1
Let c(n) = n**3 + 16*n**2 + 5*n - 64. What is the hundreds digit of c(-13)?
3
Suppose 2*y = -3 + 49. Let d = 27 - y. What is the units digit of d?
4
Let w(l) = 21*l - 19. Let q be w(5). Suppose 2*j = -0*j + q. Suppose -3*g + j = -14. What is the tens digit of g?
1
Suppose -3*a + 4 = o + 2, -o + 2 = -3*a. Suppose a = -2*q + 3*n + n + 164, -2*q + 154 = -2*n. What is the units digit of q?
2
Suppose -2*p - 12 = -3*d, 5*p = -4*d + 2*p + 33. What is the hundreds digit of d/(-9)*6 + 247?
2
Let j(i) = -4*i + 20 - 25 + 8*i. What is the tens digit of j(6)?
1
Let m(j) = -54*j**3 - j**2 - 2*j - 1. Let s(z) = z**2 + 5*z + 5. Let n be s(-3). What is the tens digit of m(n)?
5
Let o = 10346 - 7190. What is the thousands digit of o?
3
Suppose -4*h = y - 132, -3*y = -0*h - 4*h - 444. What is the units digit of y?
4
Suppose 3*o - 114 = -k + 50, -5*o + 274 = k. Let b = -20 + -2. Let t = b + o. What is the units digit of t?
3
Let b be 2/4 + (-5)/(-2). Suppose -3*m + b*w - 3 = -0*m, 2*m + 5*w = 5. What is the tens digit of m + -2 - -6 - -17?
2
Suppose -14*f = -7130 - 18462. What is the tens digit of f?
2
Let y be 22/8 + 11/44. Let n(q) = 2*q**2 - 3*q + 5. Let s be n(y). Let g = 32 - s. What is the tens digit of g?
1
Let p(g) = g**3 + 9*g**2 + 9*g + 4. Let h be p(-8). Let c(m) = m**3 + 7*m**2 - 4*m - 5. What is the tens digit of c(h)?
5
Let o = 22 - -67. Suppose -5*k = -o - 146. Let g = -27 + k. What is the tens digit of g?
2
Let h(w) = w + 3. Let v be h(-5). Let r(c) = 12*c**2 - c + 3. Let l be r(v). Suppose 4*g = 107 + l. What is the tens digit of g?
4
What is the thousands digit of 31/(-9) - -3 - (-24452)/18?
1
Let b = -17 - -2. Let i = 97 + b. What is the tens digit of i?
8
What is the units digit of ((-1340)/60)/(3/(-351))?
3
Suppose 14*l = 31*l - 2635. What is the units digit of l?
5
Let u(i) = -564*i - 605. What is the units digit of u(-5)?
5
Let n = -1109 - -2030. What is the tens digit of n?
2
Let y(h) = -15*h - 31. Let z = -39 + 33. What is the tens digit of y(z)?
5
Suppose 13 = -5*h + 3, -h = f - 30. Let z = f - 6. Let w = z + -16. What is the units digit of w?
0
Let o(x) = 8*x + 58*x**3 + 0*x - 2 - 5*x + 110*x**3. What is the tens digit of o(1)?
6
Suppose 5*k - 11 = -d - 2*d, 4*k - 5*d = 31. Suppose -36 = -k*q + q. What is the units digit of q?
2
Suppose -p - 2*i + 7*i + 165 = 0, 3*p = -3*i + 423. Suppose 0 = 9*k - p + 10. What is the units digit of k?
5
Let s(v) = -25*v - 16. Let o be s(7). Let f = o - -300. What is the tens digit of f?
0
Let t(s) = -s**3 - 6*s**2 - 5*s + 4. Let a be t(-5). Suppose -a*u - 4*b - 7 = -27, u = b + 3. Let y = u - -2. What is the units digit of y?
6
Suppose 3*c - 1435 - 436 = 4*m, 0 = -4*c + 5*m + 2493. What is the hundreds digit of c?
6
Let p(b) = b**3 - 3*b**2 - 5*b + 3. Let j be p(3). Let n = 14 + j. Suppose 24 + n = 5*u - 4*k, 0 = k - 1. What is the units digit of u?
6
Let n = 11 - -9. What is the units digit of (26 - n)*6/(-8)*-42?
9
Suppose 12*s - 2284 = 10*s + 4*r, 0 = -3*s - 5*r + 3470. What is the tens digit of s?
5
Suppose 9*v - 4*v = 15. Suppose -3*x + 24 - 42 = 0. What is the units digit of (69/(-6))/(v/x)?
3
Let h = 800 + -506. What is the units digit of h?
4
Suppose 2*o = 2*d + 7